s 28 a factor of h?
False
Suppose 4*q - 6 + 2 = 4*x, -5*x + 11 = 3*q. Let j be q*(-3)/(-12)*-2. Is (-1)/((-23)/22 - j) a multiple of 10?
False
Is ((-13)/3 + 3)*-7*6 a multiple of 8?
True
Let u = -10 + 7. Is 8 a factor of 10*(4 + u) + -2?
True
Let d be 2/(-2) - 4/1. Let z(t) = t**2 + 4*t - 3. Let h be z(d). Suppose -28 - 32 = -h*k. Is 24 a factor of k?
False
Let p(h) = -21 + 22 + 2*h - h**2 - 2*h + 6*h**3. Is p(2) a multiple of 15?
True
Let p(w) = -w**2 + 6*w - 3. Let g be 1/(-3) - (-13)/3. Let d be p(g). Suppose -n = -4*f + 46, -f + 3*n = -1 - d. Does 12 divide f?
True
Let c(v) = -v**3 - 7*v**2 - 11*v - 17. Is 15 a factor of c(-7)?
True
Let n(j) = j**3 - 5*j**2 + 3*j + 4. Let d be n(4). Suppose d = y + 18 - 55. Is 11 a factor of y?
False
Is (-26)/(-4) - (-7)/14 a multiple of 2?
False
Suppose -3*s = j + 2*j - 21, -3*s + 3*j = -15. Let z(g) = -g**2 + 6*g + 1. Let f be z(s). Let a = f + 2. Is a even?
False
Let i = 20 + -12. Suppose -7*a - i = -3*a. Is 8 a factor of (-97)/(-4) - a/(-8)?
True
Let c(u) = u**3 - 8*u**2 - 9*u + 5. Let k be c(9). Let i(l) = l**3 - 6*l**2 + 7*l - 4. Does 6 divide i(k)?
True
Let d = 51 - 21. Suppose -5*j + 2*k - d = -140, -3*j + 3*k + 57 = 0. Is j a multiple of 12?
True
Suppose 0 = 4*q + 5*b - 59, 2*q + b - 33 = 2*b. Does 8 divide q?
True
Suppose 0 = -2*i - 5*o + 14, -6*i - 4*o = -2*i - 16. Let v = 1 + 1. Suppose 0 = -v*t - 2*z + 26, -3*t = -i*z - 24 - 0. Does 6 divide t?
False
Does 16 divide 222*(13/3 + -4)?
False
Suppose 4*w - 250 = -2*n, -n - 180 = -3*w - 0*n. Suppose 4*q - 75 = w. Does 17 divide q?
True
Let u = 0 + 5. Let n = 6 - u. Suppose 3*t = -n + 19. Does 3 divide t?
True
Suppose z = 21 + 1. Suppose -z = -l + 27. Let f = l - 30. Is f a multiple of 14?
False
Suppose 2*v + 11 = 19. Does 10 divide -3*v/(-12) - -19?
True
Let x be (-6)/(-15)*15/6. Let k(b) be the third derivative of 29*b**6/120 + b**5/60 - b**4/24 + b**3/6 - b**2. Does 15 divide k(x)?
True
Suppose 3*x + 5*y = -4, -y + 2 = 3*x - 2. Does 12 divide x/8 + 332/16?
False
Suppose 3*x = 2*l - 113, l - x + 0*x = 56. Does 10 divide l?
False
Let y be 4/(-18) + (-188)/(-36). Let p = -9 + y. Is 17 a factor of (-6)/p*272/12?
True
Let n = 110 + -67. Does 13 divide n?
False
Let b = -50 + 89. Is 17 a factor of b?
False
Suppose -2*q + 5*s = 81, -3*q - 3*s + 6*s - 108 = 0. Let h = -11 - q. Is h a multiple of 9?
False
Suppose 0 = n - 28 - 30. Suppose 2*x = 2*v + n, -v + 0*v + 111 = 4*x. Is x a multiple of 14?
True
Suppose -t = -4*r - 4, 0*t = -4*t + 2*r + 30. Let d be 0/(-2) + t/2. Suppose -d*n + 17 + 9 = 3*i, 0 = 5*n + 5*i - 35. Does 5 divide n?
True
Suppose u = -3, -4*p - 2*u - 2*u - 4 = 0. Let z(g) = 2*g**2 - g - 1. Let t be z(p). Suppose 58 = 3*l - 5*v, 4*v = -t*l + 52 - 17. Is 10 a factor of l?
False
Let a be (-2)/8*-2*2. Let g = a + 0. Does 3 divide (-2)/4*g*-10?
False
Suppose -2*m + 2*g + 14 = 0, 3*m - 7 = -m - 3*g. Does 6 divide (0 + 30)/(6/m)?
False
Let f(k) = -130*k + 2. Let w be f(-3). Let d = -230 + w. Is 9 a factor of d/10 + (-1)/5?
False
Let z be (-2)/4*0 - -9. Let q be 25*(1 - z)/(-2). Suppose -5*m = -q + 15. Is 7 a factor of m?
False
Let y = 24 - 16. Let p = 63 - y. Is p a multiple of 38?
False
Let w be (2/(-1))/4*-4. Suppose w*f + 8 = 3*d - 38, -1 = -f. Does 13 divide d?
False
Let z = 3 + 212. Suppose -z = 5*g + 4*q, 0 = -5*g + q + 2*q - 215. Let u = 60 + g. Is u a multiple of 14?
False
Suppose 2*h - 112 = -2*b, 0*h + 4*h = -8. Is 23 a factor of b?
False
Let v be 92/8 - (-2)/4. Let h be (v/16)/((-2)/(-8)). Is (1 - h - -31) + 1 a multiple of 10?
True
Let v be (-9)/15 - 2472/(-20). Suppose 2*x + g - 187 = -62, -v = -2*x + g. Is x a multiple of 22?
False
Let b(u) = u**2 + 2*u + 2. Let o be b(-3). Suppose o*c = s + 326, 2*s - 53 + 375 = 5*c. Suppose 5*i = 2*k + 106, -3*i = 4*k - 6*k - c. Is 10 a factor of i?
True
Let k(p) = -p**2 + 4*p + 5. Let b be k(5). Suppose 2*m = 0, -20 = -5*i - b*i + 2*m. Is i a multiple of 3?
False
Suppose 32 = 5*u - 4*w, -u - 28 = -5*u + 4*w. Let i(k) = -k**3 + 5*k**2 - 1. Is 15 a factor of i(u)?
True
Suppose -23 = -g - 7. Is g a multiple of 2?
True
Let x(n) = -2*n**3 - 4*n**2 - 5*n + 3. Is x(-4) a multiple of 29?
True
Let q be 3/1*(-2)/(-3). Suppose -q*k + 20 = -0*k. Does 5 divide k?
True
Let n(j) be the first derivative of j**2/2 - 4*j - 3. Let x be n(-4). Let k(i) = i**3 + 9*i**2 + 8*i + 7. Does 2 divide k(x)?
False
Let r be 5 - 1 - (0 + 0). Suppose -32 = -z + r*s + 72, 227 = 3*z + 5*s. Is 14 a factor of (-10)/2*z/(-15)?
True
Suppose -4*a - 187 - 133 = 0. Suppose h - 3*h - 2*w = -228, -3*w = -5*h + 594. Let p = a + h. Does 15 divide p?
False
Let o = -116 + 165. Does 7 divide o?
True
Is 35/14*12/1 a multiple of 5?
True
Let p(t) = -3*t - 8. Is 28 a factor of p(-12)?
True
Suppose 3*p - 1100 = -8*p. Is 50 a factor of p?
True
Let d = 3 - -1. Suppose 3*h - 72 = 3*u - 21, -66 = -d*h + 2*u. Is 3 a factor of h?
False
Let q(l) = 2*l**2 - 18*l - 3. Is q(11) a multiple of 8?
False
Suppose 0 = -5*b + 2*b + 603. Is b a multiple of 8?
False
Let b(t) = 8*t**3 - 2*t**2 + 3*t - 2. Is 14 a factor of b(2)?
False
Suppose 3*n - 106 = 5*n. Let z be 1 + 4/6*129. Let v = n + z. Is 17 a factor of v?
True
Let c be (-1 + 0)*(-5 + -1). Suppose c*n - 208 = 2*n. Suppose 4*w - n = 4*u, -4*u = 4*w - 30 - 30. Does 7 divide w?
True
Let i be (-2)/(-10) - (-42)/15. Suppose -4*f + 5*c - 86 = 0, 0*c = -i*f + 5*c - 67. Let q = 30 + f. Is 6 a factor of q?
False
Suppose k + k = -6, 5*c + 5*k + 40 = 0. Does 5 divide (c + 1)/(8/(-36))?
False
Let o be 20/(-25)*(-5)/2. Suppose 2*a - 3*x = -3*a + 270, o*x - 124 = -2*a. Is a a multiple of 19?
True
Suppose 7*j = -849 + 2732. Is 17 a factor of j?
False
Suppose 0 = -5*g - 0*g + 10, 3*g = -4*w + 6. Suppose 2*s - 116 + 10 = w. Is 17 a factor of s?
False
Let m = 137 + -92. Does 15 divide m?
True
Let f be 3 + 1 + (-1)/1. Suppose 5*n + o + 10 = -f*o, -3*n - o + 1 = 0. Suppose 0*l = -4*t - l + 137, 56 = 2*t - n*l. Does 18 divide t?
False
Suppose -2*n - n = 0. Suppose n = -3*p + 205 - 25. Let k = -39 + p. Is k a multiple of 21?
True
Suppose 0 = -4*n - 5 + 1. Let u be n - -1 - (1 - 1). Suppose 4*d = -r + 53 + 6, -5*d + r + 67 = u. Is 7 a factor of d?
True
Let f = 182 - 144. Is 19 a factor of f?
True
Let n(g) = -4*g - 25. Let d be (-40)/12*(-1 + 4). Is 15 a factor of n(d)?
True
Let f(h) = 2*h**2 - 9*h - 6. Let j be f(8). Let g = -35 + j. Does 15 divide g?
True
Suppose g + g = t - 31, 127 = 5*t - 3*g. Does 11 divide t?
False
Let m be 10/(-35) - 102/(-14). Let s = m - 1. Is s a multiple of 6?
True
Let c(v) = -7*v + 2. Suppose 3*l - 4*a = -2*l + 10, 4*a = 0. Let z be c(l). Is (-3)/z - (-119)/4 a multiple of 20?
False
Suppose 4*f = i + 175, -2*f + i + 218 = 3*f. Is f a multiple of 8?
False
Let v(s) = 2*s**2 + 8*s + 5. Let m be v(-10). Let y = 2852 - m. Is y/63 + 4/(-14) a multiple of 12?
False
Let a(m) = -12*m**3 + 5*m**2 + 6*m - 3. Is a(-3) a multiple of 29?
True
Let a = 2 + -2. Suppose 0 = 2*n - 4*d - 46, 0 = -2*n - 5*d - a + 1. Is n a multiple of 12?
False
Let b = 31 - 9. Let m = b + -17. Is 4 a factor of m?
False
Suppose -7 + 2 = 5*x + 5*f, 5 = -5*x + 2*f. Let d(h) = 9*h**2 - h - 1. Does 4 divide d(x)?
False
Suppose -l - 8 = -0. Does 9 divide (-21)/28 - 366/l?
True
Suppose -2*n + 5*n + 24 = 0. Let j(z) = -z**2 - 15*z - 11. Let k be j(n). Let x = -27 + k. Does 7 divide x?
False
Let l be (-4)/(-2) - -1*5. Let f = 16 - l. Is f a multiple of 9?
True
Let j be (-11)/2*-2*2. Let c = -12 + j. Is c a multiple of 9?
False
Let d(n) = n**3 + 5*n**2 - 7*n + 2. Let v = 9 + -15. Is 4 a factor of d(v)?
True
Is 25 a factor of (-5)/(-2)*80/(0 - -4)?
True
Let g = -13 - -18. Suppose 0 = -2*m + p + 99, -m = 3*m + g*p - 163. Does 11 divide m?
False
Let q(w) be the third derivative of 13/60*w**5 + w**2 - 1/12*w**4 - 1/6*w**3 + 0 + 0*w. Does 4 divide q(-1)?
False
Suppose -5*q - 3*u + 112 = 0, 2*q - u - 28 = 2*u. Let s be (-16)/q*(-90)/4. Suppose -4*h = -114 + s. Is 14 a factor of h?
False
Let k(p) = p**2 + 0*p**3 + 0*p + 2*p - p**3 + 2. Does 10 divide k(-2)?
True
Let c(m) = 105*m**2 - m - 1. Let r be c(-1). Suppose r = p + 2*p + 5*f, 0 = -2*p - 2*f + 74. Is 15 a factor of p?
False
Let d be ((-12)/7)/((-9)/63). Is 14 a factor of ((-57)/d)/((-5)/20)?
False
Suppose 6*v = 315 + 171. Is 27 a factor of v?
True
Suppose -4*l - 2*a = 3*a - 27, 37 = 4*l - 5*a. Is 8 